. What is the units digit of w(7)?
6
Suppose -27*v + 22*v = -500. What is the hundreds digit of v?
1
Let z(o) be the third derivative of -o**6/360 - o**5/24 - o**4/6 + o**3/6 + o**2. Let m(q) be the first derivative of z(q). What is the units digit of m(-3)?
2
Let v(p) be the second derivative of 3*p**5/10 - p**4/12 + p**3/3 - p**2/2 - 3*p. Let y be v(1). Let n = y + -4. What is the units digit of n?
2
Suppose -r + 3*c - 1 = 0, 3*r + c + 0*c = 7. Suppose 12 = r*y + y. What is the units digit of y?
4
Let o(n) = n**3 + 16*n**2 - 19*n - 32. What is the units digit of o(-17)?
2
Suppose -2*m - 2*d = -240, 5*m - 4*d = 639 - 39. Suppose 3*h - 52 = 2*x, 5*x = h - 6*h + m. Suppose 0 = 4*y - h, c = 4*y - 1 - 6. What is the units digit of c?
3
Let o be 39/26*16/6. Suppose -3*w + 3*t = -t - 6, -2*w + 5*t + o = 0. What is the units digit of w?
2
Let n(i) = -6*i**3 - 10*i**2 - 7*i - 9. Let o(f) = -5*f**3 - 9*f**2 - 7*f - 8. Let r(d) = -4*n(d) + 5*o(d). What is the units digit of r(-4)?
8
Suppose -d + 171 = 2*c, -3*d - 5*c + 186 = -2*d. Let o = -102 + d. What is the units digit of o?
9
Suppose 99 = 2*q - l, -2*l + 4*l = q - 51. What is the tens digit of q?
4
Suppose -k + 4 = -3*k. Let s(f) = f**3 - f**2 - f. Let j(a) = 4*a**3 - 4*a**2 - a + 3. Let b(q) = -j(q) + 3*s(q). What is the units digit of b(k)?
3
Let a(u) = u**2 + 8*u - 2. Let z be a(-6). Let q = 73 + -49. Let d = z + q. What is the units digit of d?
0
Suppose m - 71 = -2*s, 0 = 4*s + s - 5*m - 215. What is the tens digit of s?
3
Let j(r) = -r**2 - r + 10. Let p be j(0). Suppose 0 = x + 4*x - p. Suppose x*t = 7 + 3. What is the units digit of t?
5
Let r(d) = -2*d. Let t be r(11). What is the units digit of -4 - -3 - (t + 0)?
1
Suppose 5*z = 5*t + 325, 3*z + 2*t = -z + 248. What is the tens digit of z?
6
Let p(x) = -x**3 - 2*x**2 + 14*x - 3. What is the units digit of p(-6)?
7
Let h(w) be the second derivative of w**5/20 + w**4/2 - w**3/2 + 3*w**2/2 + 3*w. What is the tens digit of h(-6)?
2
Let q(t) = -2*t**2 - t + 31. What is the units digit of q(0)?
1
Let w = -290 - -501. What is the tens digit of w?
1
Suppose 11*h - 3*m = 6*h + 973, 3*m - 191 = -h. What is the units digit of h?
4
Suppose 32 = 4*c - 128. What is the tens digit of c?
4
Let k(l) = -l**3 + 8*l**2 + 8*l. Let q be k(8). Suppose 3*d = 4*m + q, 3*m = 3*d - 55 - 8. What is the tens digit of d?
2
Suppose t + 4*f - 27 = 0, 0 = -8*t + 3*t + 2*f + 69. Let x = t + -7. What is the units digit of x?
8
Let q be -2 - (3 + -2)*0. Let k be (-1 - q)/((-3)/(-6)). Suppose v = -k*v + 9. What is the units digit of v?
3
Let h(r) = -r**3 + 5*r**2 - 2*r + 1. Suppose -21 = -0*q - 3*q. Let x = q - 3. What is the units digit of h(x)?
9
Suppose 0 = 5*j - 312 + 117. What is the tens digit of j?
3
Let z(i) = -i**2 + 4*i + 7. Let a be z(5). Suppose 5*b + 15 = -2*m, -b - 5 = -2*m - a*b. What is the units digit of m?
5
Let q = -6 - -8. Suppose t = 6*t - j + 4, 2*t + 8 = q*j. Suppose -2*r - 2*f = -t*f - 12, -2*r - 16 = -5*f. What is the units digit of r?
2
What is the hundreds digit of (-7 - -7) + (104 - -1)?
1
Let h = -159 + 287. What is the units digit of h?
8
Suppose p - 1 = -6, 0 = -2*q - 3*p - 39. What is the tens digit of 39/2*(-8)/q?
1
Let s = 0 + 4. Suppose 3*l - s = l. What is the tens digit of (-22)/l*(3 + -4)?
1
Suppose -11 = 5*j - 1. Let u = 15 - j. What is the tens digit of u?
1
Let z = -3 + 5. Suppose 2*r + 2 = -z*k - 0, 5*k = -2*r - 2. Suppose k = -2*d + 9 - 3. What is the units digit of d?
3
Let k = 126 - 70. Let o = 89 - k. What is the units digit of o?
3
Let v = -6 + 4. Let a(j) = -3*j**3 - 4*j**2 - 4*j - 3. What is the tens digit of a(v)?
1
What is the tens digit of (3 - 45/6)*-6?
2
Let s(w) = -w. Suppose 0*a = 2*a - 6. Let f be a/(-3) + -1 + 0. What is the units digit of s(f)?
2
What is the units digit of -1*(0 + 78/(-2))?
9
Suppose -3*x + 2*o + 13 = 0, -4*x - 3*o + 19 = -6*o. Suppose -10 - 12 = -2*j. Let d = x + j. What is the units digit of d?
2
Let r(o) = -o**3 + 6*o**2 + 5*o - 9. Let x be r(6). Let h be (-3 + x/6)*-4. What is the tens digit of h*(2 + 51/(-6))?
1
Suppose 3*j + 54 - 216 = 3*p, -3*j + 4*p + 158 = 0. What is the units digit of j?
8
Let v(w) = w**2 - 2. Let d be v(2). Let j(m) = -5*m - 2*m + 0*m**2 - m**d. What is the units digit of j(-6)?
6
Suppose -2*p + 9 = 5*j, 5*p = 4*j - 5*j + 11. Let q be 1*-2 + (j - -4). Let x(o) = -o**3 + 2*o**2 + 4*o - 1. What is the units digit of x(q)?
2
Suppose 0*s = 5*s - 35. Let b = s + -3. What is the units digit of b?
4
Let j be (-48)/5 + (-6)/(-10). Let q be (-5 + 1)*j/2. Suppose -2*i + 14 = -q. What is the units digit of i?
6
Let q(u) = -u**3 - 7*u**2 + 2*u + 7. Let z be q(-7). Let i = z - -13. What is the units digit of i?
6
Let h(s) = s**3 - s**2 - s - 1. Let p(t) = 9 + t + t - t. Let z be p(-7). What is the units digit of h(z)?
1
Suppose 8*n - 3*n = 10. Suppose -3*i = n*i. Suppose -2*b + i = k - 17, -3*k = 9. What is the tens digit of b?
1
Let v = -11 + 36. What is the units digit of v?
5
Let k(t) = 5*t**2 - 16*t + 3. Let f(b) = b**2 - 4*b + 1. Let h(o) = -9*f(o) + 2*k(o). What is the units digit of h(-6)?
9
Suppose 4*r = -2*s + 16, 8*s + 5*r = 3*s + 20. Suppose s*f + 3 = -f. Let l = 4 - f. What is the units digit of l?
7
What is the tens digit of 24*((-3)/(-12) - -2)?
5
Let f(d) = -5*d - 1. Let g be f(-3). Suppose c + 3 - g = 0. Let v = -8 + c. What is the units digit of v?
3
Suppose -3*b + 111 = -0*b - t, 3*b - 3*t = 111. What is the units digit of b?
7
Suppose 4*y - 4 = 4*r, r - 4*y + 5*y - 5 = 0. What is the units digit of r?
2
Let n be ((-6)/8)/((-2)/8). Suppose -15 = -n*b - 3. What is the units digit of b?
4
Let s(r) = 4*r**2 - 3*r - 3. What is the units digit of s(4)?
9
Suppose x - 4*x = -2*q - 9, 3*x - 9 = -4*q. Suppose 0 = x*b - 3*y - 42 + 9, 5*y + 15 = b. What is the tens digit of b?
1
Let y be (0 - (-282)/(-15))*-5. Suppose -2*r - 10 = -5*z + 6, 5*r + z = -y. What is the units digit of r/(-1) - (0 - 2)?
0
Let t(p) = -p**3 + 2*p**2 + 110. What is the tens digit of t(0)?
1
Suppose 681 = 12*b - 1551. What is the tens digit of b?
8
Suppose -5*p + 14*p - 927 = 0. What is the tens digit of p?
0
Let q(d) = 10*d**3 - d + 1. Let a be q(1). Let y be 5/(a/(-6) - -2). What is the units digit of 3/(-5)*y/(-3)?
3
Suppose 3*m - 37 = 101. What is the tens digit of m?
4
Let z(b) = -b - 1. Let w be z(5). What is the units digit of (2/(-3))/(1/w)?
4
Suppose 3*o = 7*o - 272. What is the units digit of o?
8
Suppose 0 = -w + 2*z + 5, w + 2*z - 5 = -3*z. Suppose -2*x = w*a + 3*x - 95, 0 = 3*a + x - 59. What is the units digit of a?
0
Let j(k) be the first derivative of -2/3*k**3 + 0*k - 1/2*k**2 - 1 + 1/2*k**4. What is the units digit of j(2)?
6
Let k(z) = z**3 + 2*z**2 + 4*z + 2. Suppose -2*m + b - 3*b = -4, b = 2*m + 8. Let r be k(m). What is the units digit of 162/14 + r/(-14)?
2
Let w be (32/(-20))/((-1)/10). Suppose 0*f + w = 4*f. Suppose 0 = -f*n - 3*j + 30, 2*j - 32 = -6*n + 2*n. What is the units digit of n?
9
Let f(c) = c**2 - 3*c + 1. Let s be f(5). Suppose -v = 5*b - 12 - s, -4*b + 19 = v. Suppose 3*l = -3*j + 24, -l = 2*l + b*j - 25. What is the units digit of l?
7
Suppose 0*v - v - 2 = 2*i, -5*i = v + 11. Suppose 0 = -v*l - l - 3*m + 41, -5*l + 4*m + 62 = 0. What is the units digit of l?
0
Suppose -5*z - 20 = -o + 2, 0 = -2*o + 4*z + 20. Suppose o*n + 3 - 13 = 0. What is the units digit of n?
5
Suppose w - 6*w + r - 83 = 0, -5*w = -2*r + 81. Let j = w + 24. What is the units digit of j?
7
Let t be -1*(1 + -4) + -3. Suppose -8 = -4*x - t*x. What is the units digit of x?
2
Let a(t) = t - 6. Let m be a(9). Let j(q) be the second derivative of q**3/6 + 2*q**2 - q. What is the units digit of j(m)?
7
Suppose 2*j + 135 = 3*y + 559, 0 = -y - 2*j - 136. What is the units digit of y/(-5) - (-3)/(-1)?
5
Let o be (9 - 0) + (-9)/3. Suppose 0 = o*x - 3*x - 36. What is the tens digit of x?
1
Suppose 0 = 2*f - 5*h + 16, 4*f = -2*h - 2*h - 32. Let b = f - -10. What is the units digit of b?
2
Let w(b) = b**3 - b**3 - b**3 + 3*b + 1. Let p be w(-2). Suppose -2*z - 9 = -x, p*z + 9 = x - 0*x. What is the units digit of x?
9
What is the hundreds digit of 180 - 5 - (-1 + 4/(-2))?
1
Let q be (55/10)/(2/4). Let u(k) = 0*k + 3 + k - 7. What is the units digit of u(q)?
7
Suppose -4 = -t - 8. Let o = 16 + t. What is 